er?
False
Is 321509 composite?
False
Is 13089 prime?
False
Is 51839 composite?
False
Is 21001 composite?
False
Is 471383 composite?
True
Is 16943 prime?
True
Is 742111 prime?
True
Is 2413801 a prime number?
False
Is 113 a prime number?
True
Is 52037 a prime number?
False
Is 15421 prime?
False
Is 437397 composite?
True
Is 12721 composite?
False
Is 186551 prime?
True
Is 4397 a composite number?
False
Is 703631 a composite number?
False
Is 198149 prime?
False
Is 5669 composite?
False
Is 258179 composite?
True
Is 532955 composite?
True
Is 144373 a prime number?
False
Is 113959 a composite number?
True
Is 47015 a prime number?
False
Is 3989 prime?
True
Is 665957 composite?
True
Is 178013 a prime number?
False
Is 21923 composite?
True
Is 21562 composite?
True
Is 35051 composite?
False
Is 16293 prime?
False
Is 333709 composite?
True
Is 92527 a composite number?
True
Is 49139 prime?
True
Is 46219 composite?
False
Is 24721 a composite number?
True
Is 5513 a composite number?
True
Is 67021 a composite number?
False
Is 2151641 a prime number?
False
Is 26077 prime?
False
Is 32173 a composite number?
False
Is 9005 a composite number?
True
Is 1401 a prime number?
False
Is 151465 a composite number?
True
Is 31379 a prime number?
True
Is 92459 prime?
True
Is 4755106 prime?
False
Is 230245 a prime number?
False
Is 217619 a composite number?
False
Is 3569 prime?
False
Is 707 a composite number?
True
Is 611722 prime?
False
Is 113683 a prime number?
True
Is 9151 prime?
True
Is 485447 a prime number?
True
Is 96931 a composite number?
False
Is 2449 a composite number?
True
Is 66257 a composite number?
True
Is 15629 composite?
False
Is 55749 prime?
False
Is 1395545 a prime number?
False
Is 17497 a composite number?
False
Is 1087 a prime number?
True
Is 11177 composite?
False
Is 336983 composite?
False
Is 2048639 a prime number?
True
Is 1897 prime?
False
Is 2117 a prime number?
False
Is 552491 composite?
False
Is 697929 prime?
False
Is 407 a composite number?
True
Is 31481 a composite number?
False
Is 934639 composite?
False
Is 8261 composite?
True
Is 1071761 prime?
True
Is 1707 composite?
True
Is 650837 composite?
True
Is 37097 a composite number?
False
Is 57973 a prime number?
True
Is 550733 a composite number?
False
Is 7559 a prime number?
True
Is 25703 a prime number?
True
Is 285697 a composite number?
False
Is 68767 composite?
False
Is 45921 composite?
True
Is 16547 prime?
True
Is 3506 a prime number?
False
Is 186377 composite?
False
Is 669849 prime?
False
Is 2385437 composite?
True
Is 41714 a prime number?
False
Is 170894 composite?
True
Is 7433 composite?
False
Is 1307197 a composite number?
False
Is 92255 a composite number?
True
Is 887 a composite number?
False
Is 1056659 composite?
False
Is 40801 a prime number?
True
Is 1657 composite?
False
Is 10729 composite?
False
Is 55 a composite number?
True
Is 5279 prime?
True
Is 81509 prime?
True
Is 131701 a prime number?
True
Is 160255 composite?
True
Is 73847 a composite number?
False
Is 14879 a composite number?
False
Is 27611 composite?
False
Is 87289 a prime number?
False
Is 477149 prime?
True
Is 11087 prime?
True
Is 221909 a prime number?
True
Is 29287 composite?
False
Is 1960453 a composite number?
True
Is 29677 a prime number?
False
Is 4629 composite?
True
Is 25013 a composite number?
False
Is 8714 a composite number?
True
Is 1597 a prime number?
True
Is 4373 prime?
True
Is 58129 composite?
False
Is 3271489 prime?
False
Is 44615 composite?
True
Is 52807 prime?
True
Is 6997 composite?
False
Is 2923 a composite number?
True
Is 7477 a composite number?
False
Is 6557 composite?
True
Is 502393 a prime number?
True
Is 5579 prime?
False
Is 79017 a composite number?
True
Is 61679 composite?
True
Is 2757 prime?
False
Is 174047 prime?
True
Is 4049 composite?
False
Is 43853 a prime number?
True
Is 287689 prime?
True
Is 129161 prime?
False
Is 2179 a prime number?
True
Is 1799 prime?
False
Is 2159 a composite number?
True
Is 33742 prime?
False
Is 233279 prime?
True
Is 286711 prime?
True
Is 3791 a composite number?
True
Is 6073 composite?
False
Is 119247 a composite number?
True
Is 22609 a prime number?
False
Is 16921 composite?
False
Is 1132447 prime?
True
Is 92915 a prime number?
False
Is 2481 composite?
True
Is 263873 a composite number?
True
Is 27221 a prime number?
False
Is 79103 a composite number?
False
Is 124777 composite?
False
Is 1142039 a composite number?
False
Is 886781 a composite number?
True
Is 39659 prime?
True
Is 118 a prime number?
False
Is 362873 a prime number?
False
Is 15115 composite?
True
Is 975143 a composite number?
True
Is 7094 a composite number?
True
Is 704689 composite?
True
Is 222521 a prime number?
False
Is 17147 prime?
False
Is 73819 a composite number?
False
Is 7493 a prime number?
False
Is 19783 a composite number?
True
Is 12283 a prime number?
False
Is 605471 composite?
False
Is 311143 a composite number?
True
Is 2609 prime?
True
Is 2210605 a composite number?
True
Is 38707 a composite number?
False
Is 3643 a composite number?
False
Is 357873 a composite number?
True
Is 31567 a composite number?
False
Is 2443061 composite?
False
Is 509513 composite?
False
Is 84833 prime?
False
Is 593689 a composite number?
False
Is 70637 a composite number?
True
Is 1173791 a composite number?
True
Is 17519 a composite number?
False
Is 54709 composite?
False
Is 1637 a composite number?
False
Is 29487 a composite number?
True
Is 287669 a composite number?
False
Is 5849 composite?
False
Is 1317 prime?
False
Is 48071 composite?
True
Is 288137 a composite number?
False
Is 2719 a prime number?
True
Is 1141495 a composite number?
True
Is 442721 prime?
True
Is 16706 prime?
False
Is 323941 composite?
True
Is 137635 a composite number?
True
Is 29239 composite?
True
Is 2647711 composite?
True
Is 67 prime?
True
Is 2546637 prime?
False
Is 162209 composite?
False
Is 36317 composite?
True
Is 142 a composite number?
True
Is 17647 composite?
True
Is 467 prime?
True
Is 7151 composite?
False
Is 192737 composite?
False
Is 31219 prime?
True
Is 92903 a prime number?
False
Is 33851 a prime number?
True
Is 37057 prime?
True
Is 44809 composite?
False
Is 740122 a prime number?
False
Is 35353 prime?
True
Is 756889 prime?
False
Is 180469 a prime number?
False
Is 717902 a prime number?
False
Is 26293 prime?
True
Is 34913 a composite number?
False
Is 21259 a prime number?
False
Is 1345 composite?
True
Is 34987 composite?
True
Is 46861 composite?
False
Is 9311 a prime number?
True
Is 54259 a prime number?
False
Is 6022 a prime number?
False
Is 2815 prime?
False
Is 181819 a composite number?
True
Is 40073 a composite number?
True
Is 2210053 a prime number?
True
Is 168695 composite?
True
Is 129367 prime?
False
Is 143863 prime?
False
Is 407347 a prime number?
True
Is 26627 a prime number?
True
Is 55763 composite?
False
Is 43697 a prime number?
False
Is 291003 a prime number?
False
Is 136013 prime?
True
Is 284681 a prime number?
True
Is 253769 composite?
False
Is 128129 prime?
False
Is 80555 a composite number?
True
Is 565899 a prime number?
False
Is 129521 composite?
True
Is 59583 a prime number?
False
Is 1434637 a prime number?
True
Is 14119 prime?
False
Is 40159 a composite number?
True
Is 675035 prime?
False
Is 5381 composite?
False
Is 55967 a composite number?
False
Is 698077 a prime number?
True
Is 1590857 a composite number?
False
Is 6535 composite?
True
Is 2073 prime?
False
Is 109569 composite?
True
Is 15049 a prime number?
False
Is 141979 composite?
True
Is 8769335 composite?
True
Is 164413 composite?
False
Is 2291 composite?
True
Is 77761 a composite number?
False
Is 40943 prime?
False
Is 259499 composite?
False
Is 3551 a composite number?
True
Is 44069 a prime number?
False
Is 636683 prime?
False
Is 1422241 a composite number?
False
Is 147037 a prime number?
False
Is 303797 prime?
False
Is 46803 a prime number?
False
Is 22613 prime?
True
Is 8069 a composite number?
False
Is 4177 a prime number?
True
Is 9143 a composite number?
True
Is 57895 composite?
True
Is 230699 composite?
True
Is 12227 prime?
True
Is 3259 composite?
False
Is 958463 prime?
False
Is 110119 a prime number?
True
Is 664413 a composite number?
True
Is 46571 a prime number?
False
Is 1361999 a prime number?
True
Is 6658 composite?
True
Is 1604557 a composite